{"id":13,"date":"2022-04-06T18:01:52","date_gmt":"2022-04-06T16:01:52","guid":{"rendered":"http:\/\/nussgeist.wirt2web.at\/index.php\/product\/hoodie-with-logo\/"},"modified":"2026-01-05T15:54:31","modified_gmt":"2026-01-05T14:54:31","slug":"nussgeistgewuerz_2l","status":"publish","type":"product","link":"https:\/\/shop.nussgeist.at\/index.php\/product\/nussgeistgewuerz_2l\/","title":{"rendered":"Nussgeistgew\u00fcrz 2l (880g)"},"content":{"rendered":"<p>Ein Sackerl Original Nussbacher Nussgeistgew\u00fcrz mit 880g f\u00fcr ca. 2 Liter Nussgeist<br \/><br \/>Zutaten: Kandiszucker, Kristallzucker, Fenchel, Anis, Zimt, Ingwer, Nelken, Sternanis, kandierter Ingwer, Pfefferminz, Kalmus<\/p>\n\n\n<p><\/p>\n","protected":false},"excerpt":{"rendered":"<p>Ein Sackerl Original Nussbacher Nussgeistgew\u00fcrz mit 880g f\u00fcr ca. 2 Liter Nussgeist Zutaten: Kandiszucker, Kristallzucker, Fenchel, Anis, Zimt, Ingwer, Nelken, Sternanis, kandierter Ingwer, Pfefferminz, Kalmus<\/p>\n","protected":false},"author":1,"featured_media":663,"template":"","meta":{"advgb_blocks_editor_width":"","advgb_blocks_columns_visual_guide":""},"product_brand":[],"product_cat":[16],"product_tag":[],"class_list":{"0":"post-13","1":"product","2":"type-product","3":"status-publish","4":"has-post-thumbnail","6":"product_cat-nussgeistgewuerz","8":"first","9":"instock","10":"taxable","11":"shipping-taxable","12":"purchasable","13":"product-type-simple"},"aioseo_notices":[],"featured_img":"https:\/\/i0.wp.com\/shop.nussgeist.at\/wp-content\/uploads\/2022\/04\/nussgeist_produkt_gewuerz_2l-1.jpg?resize=80%2C100&ssl=1","coauthors":[],"author_meta":{"author_link":"https:\/\/shop.nussgeist.at\/index.php\/author\/admin\/","display_name":"admin"},"relative_dates":{"created":"Ver\u00f6ffentlicht 4\u00a0Jahren vor","modified":"Aktualisiert 3\u00a0Monaten vor"},"absolute_dates":{"created":"Ver\u00f6ffentlicht am 6. April 2022","modified":"Aktualisiert am 5. Januar 2026"},"absolute_dates_time":{"created":"Ver\u00f6ffentlicht am 6. April 2022 18:01","modified":"Aktualisiert am 5. Januar 2026 15:54"},"featured_img_caption":"","tax_additional":{"product_brand":{"linked":[],"unlinked":[],"slug":"product_brand","name":"Marken"},"product_type":{"linked":["<a href=\"https:\/\/shop.nussgeist.at\/?taxonomy=product_type&#038;term=simple\" class=\"advgb-post-tax-term\">simple<\/a>"],"unlinked":["<span class=\"advgb-post-tax-term\">simple<\/span>"],"slug":"product_type","name":"Produkttyp"},"product_visibility":{"linked":[],"unlinked":[],"slug":"product_visibility","name":"Sichtbarkeit des Produkts"},"product_cat":{"linked":["<a href=\"https:\/\/shop.nussgeist.at\/index.php\/product-category\/nussgeistgewuerz\/\" class=\"advgb-post-tax-term\">Nussgeistgew\u00fcrz<\/a>"],"unlinked":["<span class=\"advgb-post-tax-term\">Nussgeistgew\u00fcrz<\/span>"],"slug":"product_cat","name":"Produkt-Kategorien"},"product_tag":{"linked":[],"unlinked":[],"slug":"product_tag","name":"Produkt-Schlagw\u00f6rter"},"product_shipping_class":{"linked":[],"unlinked":[],"slug":"product_shipping_class","name":"Produkt Versandklasse"},"pos_product_visibility":{"linked":[],"unlinked":[],"slug":"pos_product_visibility","name":"POS-Produkt-Sichtbarkeit."},"pa_brand":{"linked":[],"unlinked":[],"slug":"pa_brand","name":"Produkt Marke"},"pa_color":{"linked":[],"unlinked":[],"slug":"pa_color","name":"Produkt Color"},"pa_flavor":{"linked":[],"unlinked":[],"slug":"pa_flavor","name":"Produkt flavor"},"pa_size":{"linked":[],"unlinked":[],"slug":"pa_size","name":"Produkt size"},"product_delivery_time":{"linked":[],"unlinked":[],"slug":"product_delivery_time","name":"Lieferzeiten"},"product_unit":{"linked":[],"unlinked":[],"slug":"product_unit","name":"Einheiten"},"product_manufacturer":{"linked":[],"unlinked":[],"slug":"product_manufacturer","name":"Hersteller"},"product_price_label":{"linked":[],"unlinked":[],"slug":"product_price_label","name":"Preishinweise"},"product_deposit_type":{"linked":[],"unlinked":[],"slug":"product_deposit_type","name":"Produkt Pfandtypen"},"product_nutrient":{"linked":[],"unlinked":[],"slug":"product_nutrient","name":"Produkt N\u00e4hrwerte"},"product_allergen":{"linked":[],"unlinked":[],"slug":"product_allergen","name":"Produkt Allergene"}},"series_order":"","jetpack_sharing_enabled":true,"_links":{"self":[{"href":"https:\/\/shop.nussgeist.at\/index.php\/wp-json\/wp\/v2\/product\/13","targetHints":{"allow":["GET"]}}],"collection":[{"href":"https:\/\/shop.nussgeist.at\/index.php\/wp-json\/wp\/v2\/product"}],"about":[{"href":"https:\/\/shop.nussgeist.at\/index.php\/wp-json\/wp\/v2\/types\/product"}],"wp:featuredmedia":[{"embeddable":true,"href":"https:\/\/shop.nussgeist.at\/index.php\/wp-json\/wp\/v2\/media\/663"}],"wp:attachment":[{"href":"https:\/\/shop.nussgeist.at\/index.php\/wp-json\/wp\/v2\/media?parent=13"}],"wp:term":[{"taxonomy":"product_brand","embeddable":true,"href":"https:\/\/shop.nussgeist.at\/index.php\/wp-json\/wp\/v2\/product_brand?post=13"},{"taxonomy":"product_cat","embeddable":true,"href":"https:\/\/shop.nussgeist.at\/index.php\/wp-json\/wp\/v2\/product_cat?post=13"},{"taxonomy":"product_tag","embeddable":true,"href":"https:\/\/shop.nussgeist.at\/index.php\/wp-json\/wp\/v2\/product_tag?post=13"}],"curies":[{"name":"wp","href":"https:\/\/api.w.org\/{rel}","templated":true}]}}